e 3*p - 2*v + 14 = 0, -2*p = -4*p - 4*v - 20. Let b be (140/p)/(-3*2/(-18)). Let h = b + 181. What is the tens digit of h?
1
Let q(y) = 809*y - 534. What is the tens digit of q(2)?
8
Let o(y) = -y**3 + 7*y**2 + 7*y + 6. Let q be o(11). Let d = 1063 + q. What is the units digit of d?
2
Let j(a) = a + 985*a**3 - 784 + 786 - 2*a. What is the tens digit of j(1)?
8
Let y be (4/(-10) - (-664)/(-40)) + 3. Let o be (-2)/(-7) - 4434/y. Suppose -2*j - 7 = -g + 154, 2*g - 3*j - o = 0. What is the tens digit of g?
5
What is the hundreds digit of (-746757)/330*-2 + (-14)/5 + 2?
5
Suppose g - 6 = -5*x + 32, -5*g + 8 = -x. Suppose 348 = x*u - 5*u. What is the tens digit of u?
7
Let o(m) be the first derivative of -3*m**2/2 + 36*m - 1. Let g be o(12). Suppose 3*j + r = 285, -r = 5*j - g*r - 477. What is the tens digit of j?
9
Let v be (-41 - (1 - 1)) + -2. Let d = v + 13. What is the tens digit of d/5*(-23)/2?
6
Suppose 29722 + 24228 = 13*f. What is the hundreds digit of f?
1
What is the ten thousands digit of ((-2 - (-2730)/(-50)) + -3)*-185?
1
Let f(n) = -n**2 - 9*n - 8. Let d be f(-8). Suppose j + 3*c - 358 = d, -6*j - 4*c = -11*j + 1885. What is the tens digit of j?
7
Let l(u) = -22*u - 62. Let j be l(-6). Let g = j - -122. What is the tens digit of g?
9
Suppose -i + 8*i - 91 = 0. Suppose -i*m - 232 = -6914. What is the units digit of m?
4
What is the units digit of 1*(-6)/3*987/(-42)?
7
Let n(d) = -5 - 83 - 10 - 11*d - 4*d - 8*d. What is the units digit of n(-7)?
3
Suppose 757*s = 1515*s - 769*s + 258951. What is the thousands digit of s?
3
Let l(w) = -989*w + 16. Let d be l(-2). What is the tens digit of -1*d/(-6) + 80/(-240)?
3
Let v(p) = 4*p**2 - 2*p + 8*p - 6 + 13. Let b be v(4). Let z = -60 + b. What is the tens digit of z?
3
Let n(r) = 17*r**3 - 5*r**2 - 5*r - 209. What is the tens digit of n(11)?
5
Suppose -6 = -3*j, 6*j = -2*u + 8*j + 8. Let q be (8/(-2) + 22/u)*-18. What is the units digit of 1/6 + 1487/q?
8
Let s = -300 - -353. Suppose 2*o = 4*c - 820, -5*o - s = -c + 143. What is the units digit of c?
6
Suppose -3*j - 15 = -3*d, -2*d + 3 = 6*j - j. Let b(y) = -2*y**2 + 126*y - 242. Let k be b(61). Suppose -310 = k*i - d*i. What is the tens digit of i?
5
Suppose 20*t + r = 16*t + 7655, -5*t + 9553 = -4*r. What is the tens digit of t?
1
Let a be (-7755)/25 - 3/(-15). Let p = a - -473. What is the hundreds digit of p?
1
Let b(f) = f**2 + 14*f. Let v be b(-14). Suppose -d = 5*l + d - 1811, v = 5*l - 2*d - 1819. What is the hundreds digit of l?
3
Let c(q) = -42*q - 163. Let n be c(-4). Suppose 1470 = 3*t + 13*w - 9*w, 0 = -n*t + 5*w + 2485. What is the units digit of t?
4
Suppose 203385 = -831*o + 936*o. What is the units digit of o?
7
Suppose i - 209 - 3117 = 0. What is the thousands digit of i?
3
Suppose 9*z + 4067 = 93968. What is the tens digit of z/49 - 4/(-28)?
0
Let q(u) = 2*u**2 + u + 1. Let v be q(-2). Let s(k) = 9*k - 20 - 2 - 18 + v. What is the tens digit of s(6)?
2
Suppose -3*w + 57 = -2*a, -30 = -w - 5*a + 2*a. Let p = w - 33. Let n = p - -26. What is the tens digit of n?
1
Let s(v) be the second derivative of -11/2*v**2 + 0 + 15*v + 2*v**3. What is the units digit of s(6)?
1
Suppose 10*f + 9 = 13*f. Suppose 0 = -f*q + 12. Let d(y) = y**3 - 2*y**2 - 5*y + 10. What is the tens digit of d(q)?
2
Let u(a) = -a**2 + 6*a + 74. Let v be u(12). Suppose 2*p + 0*p = 4. Suppose -v = x - 2*x, 3*x = -p*d + 98. What is the tens digit of d?
4
Let v be -1*6/4 - 17/(-2). Let y = v - 7. Let g = 31 + y. What is the tens digit of g?
3
Let c be (-3)/(-8)*(-32 + 40). Let a(v) = 181*v - 205. What is the units digit of a(c)?
8
Let m(q) be the third derivative of 0*q + 3/8*q**4 + 1/3*q**3 + 7*q**2 + 1/60*q**5 + 0. What is the tens digit of m(7)?
1
What is the ten thousands digit of (-11*3223/(-363))/(2/450)?
2
Suppose -10*a + 8*a = -3*o - 21638, a - 5*o = 10833. What is the ten thousands digit of a?
1
Let d = 2798 + 741. What is the hundreds digit of d?
5
Let r = -773 + 1506. Let s = -279 + r. What is the hundreds digit of s?
4
Suppose 4*i - 288 = -3*u, 3*i - 144 = i + u. Suppose 0 = -69*c + i*c - 1422. What is the tens digit of c?
7
Let d(g) = 3*g - 10. Let z be d(4). Suppose 0 = -z*h + 7 - 7. Suppose h = -4*v - 3*l + 637, -2*v + 305 = -0*l - 3*l. What is the hundreds digit of v?
1
Let z be 3/(7/(-28)*-3). Suppose -z*m - 3 = -1027. What is the units digit of m?
6
Let b(m) = -m**2 + 3*m + 22. Let p be b(7). What is the tens digit of 2/(p/3*2/(-724))?
6
Let w be 764 + 9 + 1/((-2)/(-8)). What is the units digit of (48/(-28))/((-2)/w)?
6
Let u = 62 + -50. Let y be 1 + u/(1 + -5). What is the tens digit of 7 - -5 - (0 - 6 - y)?
1
Let n = -10544 - -15868. What is the hundreds digit of n?
3
Suppose 13*c - 40650 = -2*c. Suppose -c = -8*j - 926. Let b = j + -15. What is the units digit of b?
8
Let h(r) = -2*r**3 - 11*r**2 + 11*r + 32. Let w be h(-6). Let s = w - -298. What is the hundreds digit of s?
3
Let a(w) = 5*w - 23. Let n be a(5). Suppose 3*y + 5 = n. Let m(v) = -69*v - 2. What is the units digit of m(y)?
7
Let i(c) = 7*c**2 + 6*c - 11. Let a be i(-12). Let j be (-6)/(-9) - a/15. Let h = -48 - j. What is the units digit of h?
3
Let f(k) = 23*k - 2. Let y be f(3). Let d be 12/10 - (-1144)/55. Let a = y - d. What is the units digit of a?
5
Suppose -3*t + 1 = 2*m - 4, -5*t = -5*m - 25. Let q be 7 - t - (0 + -167). Let g = q + -35. What is the tens digit of g?
3
Let z(b) = b**2 + b - 7. Let u = -249 + 167. Let g = 87 + u. What is the tens digit of z(g)?
2
Suppose -5*k = 5*x, -k + 0*x - 9 = 4*x. Suppose 0 = -3*f - o + 817, -4*o = -k*f - o + 813. What is the tens digit of f?
7
Let i(x) = -46*x - 74. Suppose -67 - 439 = 22*t. What is the units digit of i(t)?
4
Suppose 141*s - 143*s = -14. Suppose s*t = 2443 + 546. What is the tens digit of t?
2
What is the units digit of 443/(4*(-7)/(-392))?
2
What is the thousands digit of ((-963)/(-5))/((-4)/(-180))?
8
What is the tens digit of -9 + 5239/104 + 6/(-16)?
4
Suppose -2*a = 3*a + 30. What is the hundreds digit of (300/9 - -2)*(a + 9)?
1
Let i = -1450 + 10193. What is the thousands digit of i?
8
Let h(y) = 2*y**2 + 55*y + 646. What is the units digit of h(-116)?
8
Suppose -y - 40 + 59 = 0. Suppose 20*l = y*l + 4. Suppose 4*h - 3*t - 25 = 5, h - 17 = -l*t. What is the units digit of h?
9
Suppose 0 = -14*q + 35075 + 58879. What is the tens digit of q?
1
Let w be 31530/(-27) - (48/(-27) - -2). What is the tens digit of (w + -8)/(-7) - 0/1?
6
Let v(a) = 188*a - 1962. What is the tens digit of v(50)?
3
Suppose 0 = 5*q - 25, -6*q - 790 = -5*z - 2*q. Suppose 0 = -u - 1, 0 = -4*i - 3*u + z + 27. Suppose -6 = 6*l - i. What is the units digit of l?
7
Let d(h) = -2*h**3 + 32*h**2 + 8. Let y be d(16). What is the units digit of (20/6)/(y/1908)?
5
Let b(c) = -c**2 - 20*c + 161. Let r be b(-26). Suppose 3829 = 3*w - 4*d - 1192, 0 = 3*w - r*d - 5017. What is the units digit of w?
9
Let c(a) = a**2 + 2*a - 22. Let z be c(-6). Suppose -420 = -5*h + x, -161 = -z*h + 2*x - 3*x. What is the tens digit of h?
8
Let s(w) = 3*w - 40. Let z be s(13). Let k(v) = -4*v**3 + 8*v**2 - 3*v. Let x(o) = -o**3 + o**2. Let r(q) = z*k(q) + 5*x(q). What is the tens digit of r(-6)?
9
Let k = 4476 + -2668. What is the units digit of k?
8
Let p = 2467 + 537. Suppose p = 12*k - 920. What is the tens digit of k?
2
Let g = -21590 - -39828. What is the tens digit of g?
3
Suppose 125*z = 130*z + 3*u - 72616, 3*u = -z + 14528. What is the thousands digit of z?
4
Let j be (88/(-2))/1 + -4. Let i = j + 80. Let m = i - -3. What is the units digit of m?
5
Let w(s) = 23*s**2 + s - 6. Let c = -38 - -40. Suppose -3*p + 2*p = -c. What is the units digit of w(p)?
8
Let l(q) = q**3 + 28*q**2 - 61*q + 7. Let k = 246 + -276. What is the tens digit of l(k)?
3
Let t be 30/45 - (3736/3)/(-4). Suppose -2*l = 2*l - 5*q - t, -5*l + 345 = 5*q. Let g = l + -50. What is the tens digit of g?
2
Suppose -10*d - 5*d + 62205 = 0. What is the tens digit of d?
4
Let a(p) = 475*p**2 + 25*p + 88. What is the tens digit of a(-9)?
3
Let n(v) = 33*v + 2973. What is the units digit of n(109)?
0
Suppose 117363 = 27*a - 8*a. What is the tens digit of a?
7
Let g(q) = 1984*q - 6. What is the tens digit of g(1)?
7
Suppose 0 = 32*r + 285744 - 1544080. What is the hundreds digit of r?
3
Let g(q) = 106